 22. What is w(-4)?
-18
Let s(l) = -2 + 3*l + 2 + 3 - 1. Let p(x) = -2*x - 1. Let g(h) = -5*p(h) - 4*s(h). Suppose -2*c - 4 = 2*v, 16*v - c - 11 = 20*v. What is g(v)?
3
Let p(l) = l**3 - 5*l**2 - 12*l - 16. Let r(h) = h**3 + 2*h**2 - 7*h + 5. Let g be r(2). Determine p(g).
-2
Suppose 3*j + 2 - 20 = 0. Let n(m) = 2*m**3 + 4*m**2 - 6*m - 6. Let c(p) = 3*p**3 + 9*p**2 - 12*p - 11. Let y(f) = 3*c(f) - 5*n(f). Determine y(j).
-3
Suppose -3 = -4*b + 9. Suppose -b*n + 8*n = 20. Let r(o) = -2*o**2 + 6*o - 4. Determine r(n).
-12
Let w(o) = 8*o**2 + 30*o - 5. Let s(g) = 18*g**2 + 61*g - 8. Let l(v) = -3*s(v) + 7*w(v). What is l(-14)?
3
Let j = 154 + -150. Let s(w) = w**3 - 5*w**2 + 4*w. Give s(j).
0
Let u = 490 - 488. Let j(g) be the third derivative of 0*g**3 - 7*g**u + 0 + 1/8*g**4 + 0*g. What is j(-1)?
-3
Let p(j) = -47 - j**2 + 28 + 7*j - j**3 + 11. Determine p(-4).
12
Let r = 8 - 11. Let g(x) = 2*x**2 + 2*x - 1. Let t be g(r). Let v = -14 + t. Let y(i) = -i**2 + 3. Determine y(v).
-6
Let d(p) = -10*p**2 - p. Let q(h) = h**3 + 12*h**2 + 20*h - 1. Let b be q(-10). Calculate d(b).
-9
Let v be 224/(-80)*(-5)/2. Suppose -v = -l - 8. Let a(t) = 2*t + 1. Determine a(l).
-1
Let z(m) = m**2 + 5*m - 2. Let r = 44 - 51. Let s = r - -4. Calculate z(s).
-8
Let j(l) = 2*l - 1. Let a(z) = -4*z - 3. Let n(x) = a(x) - 4*j(x). Determine n(1).
-11
Let l(u) be the second derivative of 1/2*u**2 + 0 - 17*u + 2/3*u**3. Give l(-1).
-3
Let f be 144/15 + (-4)/(-10). Let r(n) = -f*n - 5*n + 2 + 18*n. Give r(-6).
-16
Let m = 97 + -78. Let d(z) = z + 20*z**2 + 3*z - 1 - m*z**2 - 5. Give d(-6).
6
Let v(k) = -k**2 + k + 1. Let f be v(-2). Let s = 1 + f. Let t(g) = -22502*g + 3 + 22498*g - 9. What is t(s)?
10
Let n(q) = -1. Let d(b) = -b + 7. Let v(u) = -d(u) - 2*n(u). Let o = 40 - 23. Let a(p) = -3*p + 15. Let w(s) = o*v(s) + 6*a(s). What is w(6)?
-1
Let r(n) = n. Let p(s) = -8*s + 6. Let u(i) = -p(i) - 4*r(i). Determine u(4).
10
Let a(c) = -c + 16. Let d = 257 - 253. Give a(d).
12
Let n(d) = -d - 2. Let a be (-3 - (-4 + 4)) + -3. What is n(a)?
4
Let n = 9 - 6. Let b(h) = -5*h**2 + 6*h + 5. Let s(u) = -4*u**2 + 5*u + 4. Let x(v) = n*b(v) - 4*s(v). Let o be 3*1*60/(-45) + 6. Calculate x(o).
-1
Let i(f) = -2*f + 12. Let p(g) = -13*g**3 - 2*g**2 + 3*g + 1. Let y be p(-1). Calculate i(y).
-6
Let q(j) = 7*j - 2*j + 8*j - 15*j + j - 3. Suppose -2*m + 16 = 2*m. Let p(u) = -u**3 + 3*u**2 + 2*u + 5. Let a be p(m). Determine q(a).
0
Let f(m) = -m**3 + 2*m**2 + 2*m - 2. Let o(v) = -2*v + 15. Let t(w) = -w - 2*w - 8 + 3*w + w. Let l(d) = -6*o(d) - 13*t(d). Let h be l(11). What is f(h)?
-5
Let u(h) = h + 1. Let r(p) = -p. Let c(w) = -r(w) + 3*u(w). Calculate c(-2).
-5
Let n = 0 + 3. Let m(d) = -d**2. Let v(x) = 5*x**2 + x. Let b(p) = n*m(p) - v(p). Determine b(-1).
-7
Let h(p) = -12*p - 8. Let m(b) = -27*b - 19. Let n(s) = -5*h(s) + 2*m(s). Determine n(-1).
-4
Let o(v) = v**3 - 2*v + 1. Let s(m) = -m**3 + 7*m**2 - 9*m + 11. Let i be s(5). Suppose 3*u - 10 = -i. Determine o(u).
-3
Let f(u) be the second derivative of u**5/20 + u**4/6 - u**3 - 3*u**2/2 - 2*u. Let i = -18 - -33. Suppose 5*z + 5 + i = 0. Give f(z).
-11
Let g(k) = -2*k + 4. Let w = 442 - 446. Give g(w).
12
Let i(r) = r + 8. Let o be i(-10). Let w(g) = 2*g**2 - g. Let l(a) = 4*a**2 - 4*a - 2. Let y(v) = l(v) - 4*w(v). Determine y(o).
-18
Let v(f) = 7*f**2 - 9*f - 2. Let i(z) = -8*z**2 + 11*z + 3. Let l(b) = 6*i(b) + 7*v(b). Let q be l(-2). Let c(d) = d**2 - 2*d. Calculate c(q).
0
Let x = 4 + 8. Let n = x + -8. Suppose -8 = 2*m - n. Let w(h) = -h**3 - h**2 - h. Determine w(m).
6
Suppose -2*x = -4*p - x - 22, -x = 2. Let o(i) be the third derivative of -7/6*i**3 - 1/24*i**4 + 0*i + 0 + 3*i**2. Calculate o(p).
-1
Let z(k) be the third derivative of k**4/24 - k**3/6 - k**2. Suppose -2*q - 6 = -4. Let j = q - 0. Give z(j).
-2
Let i(x) = -x**3 - x**2 + x + 1. Let n be i(0). Let t(c) = 11*c + 11. Let s(v) = 6*v + 5. Let f(k) = -13*s(k) + 6*t(k). What is f(n)?
-11
Let k be (-4)/(-10) + (-2328)/(-30). Let n = k + -79. Let s(j) = 4*j + 1. Determine s(n).
-3
Let d = -5 + 7. Let i(j) be the third derivative of j**5/30 - j**4/24 - j**3/3 - 18*j**2 - 4. Give i(d).
4
Let n(i) be the second derivative of i**3/6 - 3*i**2 - i - 50. What is n(-7)?
-13
Let z(i) = 9*i**2 - 2*i - 3. Let k(l) = -3*l**2 - 41*l - 28. Let b be k(-13). Give z(b).
37
Let c(v) = -2*v**2 + 5*v - 2. Let y(w) = w**3 - 30*w**2 + 5*w - 147. Let u be y(30). What is c(u)?
-5
Let i(w) = w**3 - 3*w**2 - 29*w + 3. Let k be i(-4). Let r(f) = f**2 - 8*f + 7. What is r(k)?
0
Let z = -4 + 32. Let f be (-8)/z - (-46)/14. Let j(c) = c - f*c + 2 + 3*c + 2*c - c**2. What is j(-2)?
-8
Suppose 0 = -3*p + k - 3, -6 = -4*p + k - 3*k. Suppose 5*r - 4*r + 5 = p. Let l(b) = -8*b**2 - 3 + 2*b**2 - 3 + 5*b + 7*b**2. What is l(r)?
-6
Let b be 1 - 15/3 - -7. Let t(d) = 3*d**3 + 5*d**2 - 6*d + 6. Let k(z) = -4*z**3 - 6*z**2 + 7*z - 7. Let v(j) = 4*k(j) + 5*t(j). Determine v(b).
-22
Let j be (1 + -4)/((-99)/(-363)). Let f(n) = n + 7. Give f(j).
-4
Let s(d) = 4*d. Suppose -2*m + 16 = 2*i - 12, -m + 5*i - 16 = 0. Let g be 3 + (-6)/m*3. Determine s(g).
4
Let z(r) = 3*r + 5. Suppose 5*v + 30 = -3*y + y, -5*v - 4*y - 20 = 0. Determine z(v).
-19
Let n(y) = -11*y - 5. Let j(q) be the first derivative of 5*q**2/2 + 3*q + 2. Let k be (4/(-5))/((-2)/(-10)*1). Let z(m) = k*n(m) - 9*j(m). Calculate z(-6).
-1
Let o(t) = -2*t**2 - 4*t - 2. Let q = -47 + 50. Suppose -r = -2*r + 5*a + q, a = 4*r + 7. Determine o(r).
-2
Suppose a = -g + 7, -g - 35 = -5*g + 3*a. Let x(i) = -i**3 - 17*i**2 - 14*i - 8. Let c(q) = -6*q**2 - 5*q - 3. Let t(k) = g*c(k) - 3*x(k). Determine t(-2).
-16
Let z(u) = -2*u**2 - 2*u + 1. Let k(f) = -2*f**2 - 12*f + 3. Suppose 4*g + 6 = -18. Let c be k(g). Suppose -2*j - 1 = -c. Calculate z(j).
-3
Let b(t) = 8*t + 35*t**2 + 3 - 74*t**2 + 38*t**2. Determine b(9).
-6
Let k(y) be the second derivative of y**4/12 - y**3 + 3*y**2 - 69*y. Calculate k(4).
-2
Let s(f) = -8*f**3 + 3 - 5*f**2 + 3*f**2 + 6*f**3 + 3*f. Let j be 4/(80/(-35)) - 2/8. What is s(j)?
5
Let m(y) = y - 1. Let i(q) = -2*q**2 - 74*q - 69. Let s be i(-36). Determine m(s).
2
Let y(s) = -s**2 - s - 1. Let p(h) = 5*h**2 + 14*h + 12. Let z(t) = p(t) + 6*y(t). Let n = -146 - -166. Suppose -4*l + 44 = 3*q, -3*l + 0*l + q = -n. Give z(l).
6
Suppose 180 = -7*q + 222. Let l(u) = 2*u - 12. Calculate l(q).
0
Let b(t) be the third derivative of -t**4/24 - t**3/3 - 6*t**2. Suppose 5*n = -d + 6 + 20, -8 = -4*d + 4*n. Let p be 8/d*3/(-2). Calculate b(p).
0
Suppose -71 = -3*j + 2*d, -2*j = -2*d - d - 39. Let x(g) = -24*g - j*g + 56*g. Determine x(-2).
-10
Let b(u) be the third derivative of u**5/60 - 5*u**4/24 - u**3/3 - 25*u**2 - 13*u. Let g = -2 + 2. Suppose -5 = -v - g. Determine b(v).
-2
Let z(d) = -d**2 - d + 1. Let k(v) = 8*v**2 + 16*v - 8. Let j(g) = -g**2 - g - 1. Let f(l) = -4*j(l) - k(l). Let t(q) = f(q) - 5*z(q). Determine t(6).
1
Let o(z) = -z**3 + 14*z**2 + 2. Let n be o(14). Let m(c) = 2*c - c**n + 0*c**3 - 6*c**3 + 3*c**2 + 5*c**3. Calculate m(-2).
12
Suppose -57*z - 112 = -41*z. Let r(y) be the second derivative of -y**3/6 + 3*y**2 + y. What is r(z)?
13
Let g(p) = p**2 - 3*p - 5. Let k(j) = j**2 + 1. Let r be k(-2). Let o be 2/(3 - 4) - -11. Let x = o - r. What is g(x)?
-1
Let p(l) = 2*l**2 - 3*l + 1. Let n(f) = -5*f**2 + 4*f - 1. Let u(t) = -4*n(t) - 5*p(t). Let r(q) = q**2 + 5*q + 3. Let w be r(-4). Determine u(w).
10
Let r(l) be the first derivative of l**4/4 - 7*l**3/3 - 3*l**2 - 5*l + 36. What is r(8)?
11
Let u(d) = 7*d + 6. Let q(g) = -g**2 - 5*g - 2. Let o(a) = -q(a) - u(a). Determine o(2).
-4
Suppose -188 = 3*a + a. Let j = 49 + a. Let x(k) = 4*k. Determine x(j).
8
Let x(o) = -o**2 + 76 - 72 - o + 0*o. Let k = -13 - -10. Determine x(k).
-2
Let f(h) = -4*h + 8. Let s be (-1 + -1 + 4)/(50/100). What is f(s)?
-8
Let f(c) = c + 2. Let t be (44/6)/((-1)/(-21)). Let q be ((-66)/t)/(2/(-14)). Determine f(q).
5
Let a(z) = 38*z - 16*z + 3 - 23*z. Suppose 13*h - 23 = 42. Calculate a(h).
-2
Let r(q) = 1 - 2 + q - 1. Let n(x) be the first derivative of -3*x**2/2 - 24*x - 16. Let v be n(-7). Determine r(v).
-5
Let r be 1/(-4) + 1370/40. Let k(y) = 10*y + 13*y + y**3 - r*y - 9 + 6*y**2. Give k(-7).
19
Suppose 2*c = 3*c. Let s = 15 - c. Let f(k) 